9 + 30. Determine l(j).
4
Let s(r) = -2*r**2 - 12*r - 34. Let b be (4*(-12)/(-32))/(6/8) + -12. Determine s(b).
-114
Let t(v) be the third derivative of v**5/20 - 3*v**4/8 - 11*v**3/6 + 2261*v**2. Determine t(5).
19
Let j(p) = -8*p**2 + 5*p + 2. Let y(g) = 21*g**2 - g - 11. Let s(x) = -11*x**2 + 6. Let l(c) = 7*s(c) + 4*y(c). Let w(q) = 5*j(q) + 6*l(q). Determine w(-2).
4
Let n(g) = -3*g + 4. Let s be 1 - -2 - ((-25)/(-5) - 2). Suppose 5 = -t + y - 3*y, s = -2*t - 2*y. What is n(t)?
-11
Suppose -25*z = -5*z + 60. Let w(t) = -3*t - 48 + 43 + 2*t. Determine w(z).
-2
Let y(d) = -27*d - 10. Suppose 0 = -5*q - 3*c + 32, -356*q = -351*q - 5*c. Determine y(q).
-118
Suppose 4 = 12*p - 32. Let l(a) = -2*a**p + a + 5 - 2*a**2 + a**3 - 3. Give l(-1).
0
Let c(h) = -87 - 3*h - 84 + h - 83 + 287. Determine c(13).
7
Let n(y) be the first derivative of y**7/840 + 7*y**6/360 - y**4/12 - 139*y**3/3 - 270. Let i(q) be the third derivative of n(q). Calculate i(-7).
-2
Let t be (2 - -1)/(-1) + 11. Let x(q) = -5*q - 10. Let k(s) = -6*s - 9. Let g(i) = 6*k(i) - 7*x(i). Determine g(t).
8
Let r(b) = -b**3 + 11*b**2 + 2*b - 4. Let t(a) = -a**2 - a + 1. Let u(x) = r(x) + 5*t(x). Suppose -2639 + 901 - 526 = -566*v. Determine u(v).
21
Let b(j) = 3*j + 1. Let w(t) = 5*t + 4. Let s(z) = 2*b(z) - w(z). Let c(r) = 2*r - 5. Let d be c(5). Suppose d*l = 6*l - 4. Determine s(l).
2
Let h(i) be the second derivative of -i**3/3 - 47*i**2/2 - 140*i - 7. Calculate h(-18).
-11
Let p = 1 - -13. Let r = 11 - p. Let t(v) = -v + 1. Determine t(r).
4
Let g = -302 + 312. Suppose -5 = -g*v + 55. Let w(b) = -3*b + 13. Calculate w(v).
-5
Let i(m) be the second derivative of m**4/6 - m**3/6 - m**2/2 + 2*m - 2. Let c(a) = 13*a**2 - 23*a + 29. Let t(o) = -c(o) + 6*i(o). Give t(15).
-5
Let u = 9769 - 9778. Let j(l) = -l**3 - 8*l**2 + 19. Determine j(u).
100
Let y(u) = -2*u + 17. Suppose 5*b = 2*o - 16, 78 = 5*o - 5*b + 23. What is y(o)?
-9
Suppose 38*s = 42*s - 3*c + 14, 0 = -3*c - 6. Let l(w) = w**2 + 9*w + 7. What is l(s)?
-13
Let z(q) = -q**3 + 22 + 23*q**2 - q + 20*q**2 - 43*q**2. Let p(h) = -h**2 - 9*h + 4. Let f be p(-10). Let u be ((-4)/f - 0) + (-10)/15. Calculate z(u).
22
Let p(c) = 3 - 8 - 2 + c**3 + 8*c**2 - c**2 - 2*c. Let q(n) = -8*n**2 - 142*n - 109. Let f be q(-17). What is p(f)?
7
Suppose -13*v + 9*v - 5*q + 38 = 0, 5*v + 5*q - 50 = 0. Let a(w) = -2*w - 5*w + 12*w + 4 + 6*w**2 - w**3 - v*w. What is a(5)?
-6
Let d(v) = 2*v**2 + 12*v + 20. Let c = -9323 - -9311. Determine d(c).
164
Let s(g) = -13*g + 126. Let y(r) = -19*r + 242. Let k(w) = -7*s(w) + 4*y(w). What is k(-6)?
-4
Let b(x) = -x**3 + 6*x**2 - 8*x. Let j be (110/(-33))/(((-4)/18)/(7/21)). What is b(j)?
-15
Suppose 426*v - 30 = 411*v. Let s(w) = -8*w**2 - 2*w**v - 5 + 2 + 9*w**2 - 5*w. Suppose -6*t = -2*t + 16. What is s(t)?
1
Let y(f) = -6*f**3 + 2*f + 1. Let b = -1 - -253. Let n be (-1)/((-6)/4*(-8)/b). Let p = n - -20. What is y(p)?
5
Let j = 13418 + -13422. Let p(l) = -3*l**2 - 9*l - 7. Calculate p(j).
-19
Let b(d) = -116*d - 2102. Let v be b(-18). Let a(f) = f**2 + 13*f + 14. Determine a(v).
28
Let w be (15/9)/((-8)/72). Let u be 204/20 + 3/w. Let x(j) = -j**2 + 12*j - 23. What is x(u)?
-3
Let a(o) = -14*o - 109. Suppose -10*b - 3*b - 2*b - 120 = 0. What is a(b)?
3
Let o(v) be the third derivative of v**6/120 - v**5/4 + 7*v**4/12 + v**3/3 + 11*v**2 - 42. Give o(14).
2
Let r(l) = -8*l + 23. Let p be r(0). Let g(f) be the third derivative of f**6/120 - 23*f**5/60 + f**4/24 - 29*f**3/6 - 171*f**2. Determine g(p).
-6
Let z(j) = -63*j**2 - 63*j**2 + 145*j**2 - 18*j**2 + 2*j. Let u(c) = 2*c + 1. Let h be u(-1). Determine z(h).
-1
Let d(b) = -17 + 5*b - 3*b**2 + 4 + 12 + 2*b**2. Let o = -3 + 9. Let r be 26/o + 4/6. What is d(r)?
-1
Let g be -2*2/(8/(-6)). Suppose -72*d + 2386 - 1620 = -2258. Suppose -3*t + d = g*t. Let j(v) = v - 5. Determine j(t).
2
Let a(k) = -k + 4. Suppose 9*v = 3*v + 30. Let p(j) = -4*j + 15. Let o be p(v). Calculate a(o).
9
Let o be (-30)/9 - (-2)/(-3). Let k(t) = t - 6. Let z(i) = -i + 6. Let f(q) = 5*k(q) + 6*z(q). Let c(m) = -m + 7. Let x(b) = -5*c(b) + 6*f(b). Determine x(o).
5
Suppose 195 = 2*r + 5*u, -5*u - 70 = -r + 65. Suppose -2 + r = 12*c. Let j(q) = 5*q - 5. What is j(c)?
40
Let v(y) = -14*y**2 - 5*y. Suppose 4*h = -w - 49, -7*h + 4*h + 4*w - 13 = 0. Let z(a) = 26*a**2 + 9*a. Let n(u) = h*v(u) - 6*z(u). Determine n(-2).
-10
Let c(d) = -d**2 - 36*d + 7. Suppose -5*j + 3*o + 132 = 318, 2*j + 4*o + 64 = 0. Determine c(j).
7
Let u be 2 + (-5 - (-1 + -3)). Let j(h) = 8*h**3 + 2*h**2 + 614790 - 614790 - h. Calculate j(u).
9
Let z(m) = -m - 18. Let g be z(-20). Let y(c) = 68*c**2 + 3 - 3 - c - 69*c**2 + 0*c. Determine y(g).
-6
Let h(r) be the first derivative of -2*r**3/3 - 3*r**2 + r - 5912. What is h(0)?
1
Let k(l) = l**2 + 5*l - 22. Let b = -1034 + 1025. What is k(b)?
14
Suppose 0*s + 10 = -5*s. Let j(c) = 26221 + 3*c + 26226 - 52449 + c**2. Calculate j(s).
-4
Let h(c) be the second derivative of -c**5/20 - 7*c**4/4 - 23*c**3/6 - 35*c**2/2 + 141*c + 1. Give h(-20).
25
Let r(w) = -w**2 - 3*w + 9. Suppose -1 = -q - h - 7, -25 = 5*q + 4*h. Let u be (-84)/20 - 2/(10*q). Determine r(u).
5
Suppose 4*w = -4*f, 4*f + w = 3*w. Suppose 12*o - 25 + 1 = f. Let i(r) = 2*r**2 - 1. What is i(o)?
7
Suppose -73 = -7*c + 18. Suppose 2*p = -4*o + 144, -o - 4*p + c = -16. Let d(s) = -s + o + 3*s - 37. Calculate d(-1).
-2
Let c(r) = r**3 - 3*r**2 - 2*r**2 - 2*r**2 + 7. Let m be -67 - -84 - 13/((-13)/(-10)). Give c(m).
7
Let p(f) be the third derivative of f**6/120 + f**5/2 - 31*f**4/24 - 5*f**3/6 - 78*f**2. Let l be p(-31). Let q(b) = -b**3 - 5*b**2 - b - 7. Calculate q(l).
-2
Let q(j) = -j**2 - 21*j + 6. Let x be q(-14). Suppose 45*w - x = 76. Let v(a) = -a**3 + 3*a**2 + 6*a - 4. Determine v(w).
4
Let r(g) = g. Let j = 127 + -126. Let s(q) = -q**2 + 7*q - 12. Let p(t) = j*s(t) - 6*r(t). Let m(l) be the first derivative of p(l). Determine m(-3).
7
Let f(d) = d**3 + 24*d**2 + 20*d - 21. Let k be f(-23). Let s(h) = -k + 36 + h**2 + 24. Let q = 1 - 1. Determine s(q).
12
Let z(c) = -c**3 + 5*c**2 + 3*c - 4. Let i(l) = l + 4*l + l + 40 - 17. Let n be i(-3). What is z(n)?
11
Let m(a) = 7*a**2 - a - 6. Let t(k) = 2*k + 19. Let y be t(-9). Suppose -2*s - y = -3*s. Let n(b) = -b**2 + b + 1. Let l(p) = s*m(p) + 6*n(p). Calculate l(-3).
-6
Let n = -473 - -505. Let s(w) = -n*w + 2 + 2*w - 3. What is s(1)?
-31
Let j(v) be the second derivative of 0 - 1/6*v**3 + 480*v - 13/2*v**2. Let u = -11 - -4. Determine j(u).
-6
Let f(v) = -v**3 + v**2 - 1. Let c(b) = 4*b**3 - 3*b**2 - 1. Let a be 1/3 + (-2)/(-6)*-4. Let p(t) = a*c(t) - 3*f(t). Let d be (-2)/(-5) + (-2)/5. What is p(d)?
4
Let a(b) be the third derivative of b**5/5 - b**2. Let k = 365654 - 365653. Determine a(k).
12
Let s(n) = 14*n - 93. Let z(d) = -18*d + 94. Let x(k) = -8*s(k) - 9*z(k). Give x(2).
-2
Suppose 2*n + 75 = p + 16, 4*n - 167 = -3*p. Let l be -1*(-18)/1*19/p. Let w(x) = l*x - 24 + 45 - 21. Give w(3).
18
Let c(a) = 23 + 3*a + 25 - a - 69 + 17. Let x be 10/(-4)*(3 + (-22)/10). What is c(x)?
-8
Let x(c) = 0 - 6 + 3117*c**2 + 4 - 4*c**3 + 1 - 3118*c**2. Suppose 0 = 3*b + b - 4. Give x(b).
-6
Let z(v) = 63*v**3 + 5*v**2 - 6*v - 13. Let i(m) = 32*m**3 - m**2 - 5. Let a(r) = -2*i(r) + z(r). Let o be (-1 - 0)*-1 - -5. What is a(o)?
-3
Suppose -14*l + 19*l = 5*z + 5, -z = -2*l + 6. Let s(h) = 6*h**2 + 4*h + 6. Let b(o) = 5*o**2 + 3*o + 5. Let v = -13 + 8. Let y(c) = v*b(c) + z*s(c). Give y(2).
-3
Suppose -4*p + 396 = -5*g, 2*g - 62 - 37 = -p. Let v = p - 94. Let z(u) = -u**2 - 5*u**2 + v*u**2 + u - 15 + u**3. What is z(0)?
-15
Let y(x) = -20*x**3 + 3*x**2 - 32*x + 182. Let t(s) = 7*s**3 - s**2 + 11*s - 64. Let k(v) = -17*t(v) - 6*y(v). What is k(3)?
29
Let u(y) = -y**2 - 529 + 7*y + 529. Let m = 9 - 5. Suppose -4*i + 3 = -5*n - 15, 0 = -2*i + m*n + 6. Determine u(i).
0
Let w(i) = i**2 - 4 - 3*i**2 + 4*i**2 + i. Let t be (-245)/(-7) + -223 + 184. Give w(t).
24
Let c be 4 - (5 - 1)/2. Let w(l) = -6 + 3*l**c - l**3 + 5*l - 1 + 5. Calculate w(4).
2
Let h(c) be the third derivative of -c**6/120 - 7*c**5/30 - 11*c**4/12 + 29*c**3/6 - c**2 - 454. Give h(-12).
5
Let c(i) = 1 + 1 + 18*i - 14*i - 5*i. Let j(z) = 6*z - 48. Let r be j(6). Let x be 40/r*(-6)/8*-2. Determine c(x).
7
